-6 (base 9) in base 15?
-6
Convert 12 (base 15) to base 11.
16
Convert 0 (base 12) to base 5.
0
Convert -17 (base 12) to base 6.
-31
What is -2 (base 8) in base 7?
-2
Convert -2 (base 15) to base 4.
-2
320 (base 5) to base 14
61
Convert 12 (base 15) to base 2.
10001
What is 13 (base 10) in base 4?
31
What is -6 (base 7) in base 5?
-11
What is 0 (base 2) in base 3?
0
75 (base 8) to base 10
61
Convert -111 (base 8) to base 5.
-243
What is 1120 (base 4) in base 2?
1011000
Convert 31 (base 7) to base 8.
26
-7 (base 15) to base 4
-13
What is -1 (base 2) in base 16?
-1
Convert -2 (base 14) to base 16.
-2
Convert 0 (base 11) to base 3.
0
Convert 113 (base 5) to base 6.
53
Convert 1 (base 7) to base 10.
1
170 (base 12) to base 2
11100100
10 (base 2) to base 14
2
What is -48 (base 14) in base 9?
-71
43 (base 11) to base 9
52
Convert 32 (base 9) to base 14.
21
Convert 2 (base 4) to base 11.
2
Convert -2 (base 4) to base 6.
-2
What is -2 (base 12) in base 7?
-2
-57 (base 11) to base 15
-42
-1101 (base 2) to base 13
-10
What is -100211 (base 3) in base 4?
-10021
What is 21 (base 16) in base 5?
113
166 (base 11) to base 13
11b
Convert 1 (base 6) to base 2.
1
-1000010 (base 2) to base 5
-231
Convert -2a5 (base 12) to base 9.
-508
-12 (base 5) to base 6
-11
0 (base 12) to base 8
0
What is -7 (base 12) in base 8?
-7
-3 (base 9) to base 12
-3
Convert -111 (base 3) to base 11.
-12
Convert 5 (base 7) to base 5.
10
Convert -21 (base 4) to base 3.
-100
-61 (base 10) to base 9
-67
Convert 1123 (base 4) to base 16.
5b
Convert -113 (base 7) to base 5.
-214
-154 (base 8) to base 10
-108
What is -9 (base 13) in base 8?
-11
Convert -16 (base 8) to base 6.
-22
-b7 (base 13) to base 12
-106
Convert 110 (base 3) to base 15.
c
Convert -24 (base 5) to base 6.
-22
What is 1 (base 8) in base 4?
1
-185 (base 10) to base 4
-2321
Convert 34 (base 7) to base 3.
221
What is -260 (base 10) in base 2?
-100000100
132 (base 15) to base 11
228
Convert 30 (base 7) to base 13.
18
34 (base 12) to base 4
220
3 (base 12) to base 6
3
What is 43 (base 5) in base 11?
21
-43 (base 7) to base 3
-1011
Convert 48 (base 9) to base 15.
2e
a3 (base 14) to base 10
143
What is -300 (base 4) in base 2?
-110000
What is 100 (base 2) in base 8?
4
What is 126 (base 15) in base 13?
171
-ac (base 15) to base 14
-b8
What is 121 (base 4) in base 10?
25
Convert -e (base 15) to base 14.
-10
Convert 12 (base 3) to base 5.
10
0 (base 12) to base 8
0
-109 (base 10) to base 2
-1101101
What is -124 (base 11) in base 4?
-2103
-443 (base 5) to base 6
-323
Convert -5 (base 14) to base 12.
-5
What is -1 (base 11) in base 2?
-1
What is 3 (base 16) in base 11?
3
Convert 0 (base 12) to base 5.
0
Convert 7 (base 14) to base 15.
7
321 (base 5) to base 4
1112
Convert -11110 (base 2) to base 10.
-30
Convert 6 (base 8) to base 15.
6
104 (base 6) to base 11
37
What is 0 (base 11) in base 8?
0
0 (base 4) to base 9
0
Convert -10 (base 2) to base 12.
-2
Convert -3 (base 10) to base 4.
-3
What is -3 (base 13) in base 12?
-3
Convert -11 (base 6) to base 5.
-12
What is 37 (base 11) in base 7?
55
25 (base 13) to base 16
1f
-7 (base 9) to base 6
-11
-7 (base 14) to base 10
-7
Convert 50 (base 6) to base 16.
1e
Convert -5 (base 15) to base 12.
-5
Convert -10 (base 2) to base 11.
-2
Convert 0 (base 13) to base 2.
0
What is -4b (base 13) in base 14?
-47
Convert -24 (base 12) to base 5.
-103
What is -120 (base 3) in base 4?
-33
-11 (base 3) to base 9
-4
What is -6 (base 15) in base 6?
-10
Convert -10000 (base 2) to base 9.
-17
2 (base 13) to base 6
2
Convert -5 (base 12) to base 15.
-5
Convert 2 (base 12) to base 3.
2
What is -4 (base 9) in base 6?
-4
5 (base 10) to base 14
5
Convert -3 (base 7) to base 13.
-3
What is 21 (base 6) in base 10?
13
Convert 2 (base 14) to base 15.
2
What is 4 (base 5) in base 10?
4
Convert 43 (base 5) to base 14.
19
What is 2 (base 10) in base 13?
2
Convert 1 (base 8) to base 5.
1
Convert -1b (base 15) to base 14.
-1c
What is -196 (base 10) in base 16?
-c4
10 (base 13) to base 12
11
Convert -20 (base 16) to base 14.
-24
What is 35 (base 10) in base 16?
23
What is -1 (base 12) in base 7?
-1
What is -8 (base 10) in base 14?
-8
-1 (base 8) to base 7
-1
What is 6 (base 9) in base 3?
20
What is c3 (base 13) in base 4?
2133
Convert 238 (base 11) to base 6.
1151
What is 26 (base 16) in base 12?
32
What is -70 (base 13) in base 5?
-331
-1011 (base 4) to base 16
-45
5a (base 13) to base 7
135
What is 10 (base 4) in base 2?
100
Convert 13 (base 14) to base 15.
12
Convert -23 (base 8) to base 9.
-21
-25 (base 9) to base 3
-212
-4 (base 12) to base 11
-4
What is 10100 (base 4) in base 12?
1a8
What is -25 (base 10) in base 9?
-27
Convert 4 (base 16) to base 5.
4
What is -2 (base 9) in base 10?
-2
What is -1212 (base 3) in base 16?
-32
What is 64 (base 13) in base 12?
6a
Convert 0 (base 5) to base 9.
0
5 (base 13) to base 11
5
Convert 10202 (base 3) to base 9.
122
-5 (base 14) to base 7
-5
-111 (base 4) to base 2
-10101
-4 (base 13) to base 5
-4
What is 0 (base 12) in base 6?
0
What is 1310 (base 4) in base 12?
98
5 (base 14) to base 12
5
What is -35 (base 10) in base 14?
-27
Convert d (base 14) to base 12.
11
What is -13 (base 11) in base 9?
-15
1b (base 12) to base 3
212
Convert 20 (base 4) to base 11.
8
Convert -3 (base 11) to base 8.
-3
What is 85 (base 16) in base 15?
8d
What is 17a (base 13) in base 16?
10e
What is -540 (base 6) in base 11?
-176
-24 (base 9) to base 16
-16
Convert 39 (base 14) to base 11.
47
Convert 22 (base 4) to base 5.
20
What is 18 (base 11) in base 9?
21
What is 1 (base 4) in base 6?
1
What is -1 (base 2) in base 16?
-1
Convert -1 (base 4) to base 2.
-1
Convert -4 (base 8) to base 4.
-10
What is -a7 (base 16) in base 14?
-bd
Convert 123 (base 8) to base 10.
83
Convert 148 (base 11) to base 5.
1143
What is -211 (base 5) in base 16?
-38
-10 (base 5) to base 14
-5
What is -17 (base 15) in base 6?
-34
-1013 (base 5) to base 14
-97
What is 101 (base 2) in base 11?
5
Convert 7 (base 10) to base 13.
7
What is 403 (base 5) in base 10?
103
What is -164 (base 8) in base 15?
-7b
What is -10 (base 5) in base 4?
-11
What is 0 (base 14) in base 10?
0
What is -11 (base 11) in base 15?
-c
What is -1001 (base 2) in base 6?
-13
Convert -17 (base 14) to base 7.
-30
Convert 13 (base 7) to base 8.
12
-11 (base 2) to base 7
-3
What is 10000101 (base 2) in base 16?
85
10 (base 3) to base 12
3
Convert 426 (base 9) to base 2.
101011100
-44 (base 10) to base 8
-54
Convert -4 (base 9) to base 11.
-4
Convert -12 (base 3) to base 7.
-5
What is -120200 (base 3) in base 15?
-1d3
Convert 5 (base 11) to base 2.
101
Convert 3 (base 11) to base 13.
3
Convert -222 (base 5) to base 16.
-3e
Convert -321 (base 5) to base 10.
-86
-11 (base 8) to base 7
-12
-10001011 (base 2) to base 8
-213
-6 (base 12) to base 15
-6
12 (base 3) to base 6
5
What is 38 (base 9) in base 12?
2b
What is -4 (base 7) in base 16?
-4
Convert -1 (base 6) to base 9.
-1
-2222 (base 3) to base 6
-212
22 (base 16) to base 4
202
Convert 4 (base 13) to base 14.
4
Convert 4 (base 12) to base 5.
4
What is 8 (base 13) in base 12?
8
-2 (base 6) to base 14
-2
Convert 14 (base 9) to base 12.
11
Convert -10120 (base 4) to base 8.
-430
2 (base 12) to base 15
2
-11030 (base 4) to base 3
-110022
Convert 34 (base 13) to base 10.
43
4 (base 12) to base 14
4
What is 4 (base 12) in base 9?
4
650 (base 7) to base 16
149
Convert 2033 (base 4) to base 9.
168
19c (base 13) to base 2
100101010
Convert -101 (base 3) to base 13.
-a
-17 (base 8) to base 3
-120
2 (base 5) to base 12
2
5 (base 7) to base 10
5
What is -204 (base 8) in base 11?
-110
5 (base 7) to base 11
5
-236 (base 9) to base 2
-11000011
What is -14 (base 7) in base 13?
-b
Convert b (base 15) to base 7.
14
What is -6 (base 14) in base 10?
-6
Convert -4 (base 9) to base 4.
-10
Convert -1 (base 4) to base 11.
-1
-363 (base 8) to base 2
-11110011
Convert -41 (base 10) to base 13.
-32
Convert -3 (base 13) to base 7.
-3
463 (base 7) to base 13
157
11111 (base 2) to base 11
29
Convert 38 (base 12) to base 14.
32
Convert -402 (base 5) to base 2.
-1100110
What is 45 (base 7) in base 15?
23
Convert 297 (base 11) to base 8.
534
Convert 430 (base 7) to base 5.
1332
Convert -3 (base 11) to base 13.
-3
What is 110 (base 3) in base 10?
12